-10) + -2 - (-19 + -3)?
29
Calculate -2 + (-17 - -5 - -7).
-7
Calculate -142 + 147 + (-4 - 0) + 2 + -3.
0
Calculate 7 - (-14 - -14) - (6 + 2).
-1
What is the value of (1 + -10 - (45 + -51)) + 7?
4
(-15 - -2) + (52 - 20)
19
(34 - 7 - -10) + -14
23
What is the value of (27 + -19 + -15 - -3) + -29?
-33
What is 13 + -5 + 14 - 11?
11
-35 - (-47 - -38 - 62)
36
Calculate (-12 - -24) + (-6 - -3 - 21).
-12
Evaluate 3 + -1 + (-5 + -9 + 18 - 10).
-4
6 + 1 + 26 + -39 - -4
-2
(4 - (16 + (-2 - -3))) + -19
-32
What is (-24 - (44 + -14)) + 37?
-17
What is the value of -43 - (-45 - -6) - 1?
-5
Evaluate -22 + 21 + (2 - 19) - -6.
-12
Calculate (5 - (-1 - -4)) + -2 - (31 - 29).
-2
Calculate -25 - (-55 + 24) - (-4 - -1).
9
Evaluate (2 - 3) + -18 + 12 + 8.
1
(-90 - -84) + -6 + 3 + 0 + 22
13
(-19 - -115) + -29 + -34
33
What is the value of 30 - (5 + -5 - (23 + -22))?
31
What is 3 - (-1 - 16) - (6 - -4)?
10
What is -32 + (-2 - (7 - -2 - 11 - 4))?
-28
(-16 - (5 - -5)) + (2 - -10 - 3)
-17
Evaluate 2 - (-14 + 13) - 1.
2
Evaluate 24 + 20 + -55 - (0 - -13).
-24
Evaluate (-63 - -63) + (1 - -1 - 2).
0
(3 - -1 - 4) + -14 + 10
-4
Evaluate 0 - (2 + -19 + -122 + 131).
8
Evaluate 4 - -3 - (48 + (-4 - 17 - -15)).
-35
What is the value of (-3 - 12 - -23) + (-1 - 6)?
1
Evaluate (-33 + 28 - -11) + -25.
-19
Calculate (20 - -8 - 20) + (-10 - -1).
-1
What is (-20 - -21 - -4) + -6?
-1
5 - (2 + 23 + -1)
-19
What is the value of (-3 - 6) + (2 - 5) + 3 + -6?
-15
-30 - (19 + -12 - 28)
-9
Evaluate -15 + -5 + 16 - -30.
26
What is (15 - 19) + 8 + (-1 - -14)?
17
-15 + 1 + 7 + (8 - 9)
-8
Evaluate (-9 - 34 - -7) + (9 - (-12 + 10)).
-25
7 + (34 - 49) + (-3 - -3 - -3)
-5
Calculate (-10 + -2 + -6 - (-5 - -9)) + 3.
-19
Calculate 167 + -161 + -1 + -20.
-15
(8 - 4) + -3 + -8 + 0
-7
What is 7 + (-18 - -7) - (-7 + -5 + 2)?
6
14 - ((15 - 27) + 35)
-9
Evaluate 5 - (2 + 2) - ((4 - -3) + 11).
-17
What is the value of -16 + (0 - (-12 + 3))?
-7
(-2 - (0 - -3)) + (2 - 0) + 0
-3
5 + 3 + (7 + 4 - 6)
13
What is the value of (8 + -13 - -4 - (5 + -2)) + 0?
-4
What is -8 + 1 + 0 + (-1174 - -1166)?
-15
Evaluate 6 + (-2 - 3) - ((4 - -5) + 7).
-15
Evaluate -3 + -8 - -1 - ((35 - 7) + -36).
-2
What is the value of 17 + -21 + -21 - -24?
-1
Calculate 0 - -1 - ((-37 - -39) + -17).
16
What is the value of 27 + -28 + (21 - 6)?
14
Calculate (18 - -28) + -26 - 24.
-4
What is -10 - ((44 - 32) + 11 + -9)?
-24
Calculate -20 + (-11 + 25 - 13).
-19
Evaluate -2 + 0 - (-20 - -10).
8
3 + 5 + -10 + -4 - (2 + -7)
-1
What is the value of -12 - ((-13 - -2) + 7)?
-8
Calculate (-7 - -8) + -50 + 32.
-17
What is -22 + 19 + (8 - 3 - (-1 - 1))?
4
(-75 - -37) + 16 + 26
4
Calculate ((3 - 4) + -6 - (7 - 9)) + -6.
-11
-12 + (0 - -15) + 8
11
Calculate -990 + 942 + 22 + -1.
-27
What is the value of -73 + 91 - (1 - (1 - 5) - 3)?
16
What is the value of (40 - 40) + (-12 - -2)?
-10
Calculate (-35 - -9 - -4) + 29.
7
What is 10 + 0 + -6 + -7 + -6?
-9
15 - (0 + 6 + -9 + -2)
20
-20 + (24 + -19 - (1 + -1))
-15
97 + -146 - (2 - 31)
-20
-25 + -22 + -2 + 42
-7
What is -11 + 0 + -1 - (35 + -161 + 73)?
41
Evaluate (6 - -2) + 8 + 8 + (-2 - -1).
23
What is the value of -1 + 11 - (-63 + 76 - (9 + -2))?
4
Evaluate 0 + -9 - (93 + -95).
-7
(-42 - -33) + 14 + 9
14
What is the value of 1 - -3 - -1 - (-15 + 6 - -4)?
10
-1590 + 1584 - (-31 + -1)
26
What is the value of (-186 - -194) + 26 + 3 + -1 - 3?
33
Evaluate 23 + (20 - 37) + -11.
-5
What is 23 + -22 + (15 - 8) - (0 - 2)?
10
Evaluate 24 + (-2 - 8) + -15.
-1
Calculate (52 - 16) + -6 - 26.
4
2 - (31 + -23 + 9)
-15
What is -19 + 32 + -5 - -4?
12
Evaluate 40 + -56 + 28 - 10.
2
Calculate -5 + (-1 - -9) - -7 - (-23 - -12).
21
What is the value of -10 + 5 + 11 - 1 - 9?
-4
Calculate 21 - ((4 - -28) + 16).
-27
What is -1 - 2 - (-5 + 8 + 1 + -3)?
-4
0 + (-22 - -28 - (-1 + -2))
9
What is the value of 8 + -4 + -6 + -13 - -13?
-2
What is (-18 - -50) + 24 - 26?
30
What is 32 - (11 + -12 + 29)?
4
Evaluate -5 - (3 - 12) - (49 - 17).
-28
273 - 280 - (-28 - (0 + 1 - 1))
21
What is -1 + -29 - (425 + -474)?
19
17 + -16 + 13 + -16
-2
Evaluate 22 + (-19 + 19 - 19) + 2.
5
-17 - (-2 + -7 + (-4 - -6))
-10
What is the value of 4 + (3 - -1) + (16 - (6 + 13))?
5
What is the value of (14 - 15) + (2 - 2) + -17 + 20?
2
What is (41 - (124 + -94)) + -2 + (0 - -1)?
10
3 + -18 - -26 - -14
25
4 + (51 - 31) - 19
5
Calculate (-25 - (19 + -34)) + -3 + 1 + -6.
-18
Calculate -2 - ((-5 - -3) + -11).
11
56 - (-16 + 44 + 0)
28
What is the value of (6 + 2 + -5 - 9) + 5 - -4?
3
What is the value of (4 - -2) + 4 + 14 + -20 + 4?
8
Evaluate (0 - -1 - 7) + (28 - (-10 - -34)).
-2
Calculate 18 + (5 - 5 - 8) - (-3 - 0).
13
Evaluate -3 - (6 - (8 + 10 + -8)).
1
What is (6 - (6 + 2)) + -1 + -2?
-5
Calculate -32 + 31 - (-8 - 0) - 14.
-7
Evaluate -1 - -13 - (12 + -7 + 0 - 5).
12
-278 + 257 + 12 + 1 + -3
-11
Evaluate -11 - (17 + 6 + -40).
6
Evaluate 15 + -2 - (-15 + 49).
-21
What is the value of (-16 - -3) + 2 + -2 + 2?
-11
Evaluate 6 - (1 + -1 + (-83 - -81)).
8
What is the value of -3 + (-19 - -17 - -30)?
25
Calculate -143 + 123 + (7 - -9).
-4
Calculate -1 - 16 - (39 - (5 + 14) - 29).
-8
12 + 42 + 6 + -50
10
What is -15 + 14 + -2 + (-2 - 10)?
-15
What is the value of -4 + 8 + (-20 - -34)?
18
What is the value of -6 + -3 + (2 - 3) + -157 + 160?
-7
Calculate -1 + (0 - -2) + (-36 - -16 - -12).
-7
Calculate -26 - -4 - (97 + -139).
20
Calculate 18 - 59 - -29 - -12.
0
Calculate (-1 - 66) + -63 + 104.
-26
What is 13 - ((-7 - 4) + 17)?
7
Evaluate -2 + 12 + 2 - ((-4 - 4) + 13).
7
Evaluate 1 + 15 + 0 - (5403 - 5395).
8
What is the value of 37 - 24 - (-37 + 22)?
28
166 + -172 - (0 + -2)
-4
What is (-1 - 1 - (-11 + 19)) + 7?
-3
Calculate (-11 - 0) + 1 + -11 + 4 + 10.
-7
Calculate -7 - (7 + (-20 - -6) - -14).
-14
What is the value of 1 + 6 + (-9 - (5 - 7) - -6)?
6
(3 - (-1 - (1 - 5))) + -15 + 8
-7
What is -25 - (-13 - (23 + 19))?
30
Evaluate 4 + -18 - (9 - 2 - 5).
-16
Evaluate -1 + (3 - -1) - (3 - -7).
-7
0 - (-3 - (3 - 7)) - (0 + 3)
-4
Evaluate -12 - (13 - ((-1 - -13) + 0)).
-13
Calculate 19 + -11 - (33 - (1 + 9)).
-15
What is -8 - (-14 - (-16 + 7))?
-3
Evaluate 3 - (10 - (-6 - -20)).
7
(26 - -1) + -1 + -1 + 11 + -10
26
Evaluate -24 + -11 + (69 - 17).
17
Calculate -10 - ((-13 - 10) + 10) - 8.
-5
What is the value of 10 + (20 - 21) + -7?
2
What is the value of -34 + 15 + 16 + 1?
-2
Calculate (-1 - 22) + (7 - (-12 + 32 + -11)).
-25
-4 + 4 + 5 + (4 - 18)
-9
What is 4 - -1 - (-630 + 611)?
24
23 + ((-2 - (-9 - 3)) + -3 - 3)
27
What is the value of (-107 - -93) + (25 - 2)?
9
What is -27 - 28 - (-13 - 12)?
-30
Evaluate -10 + (-6 - -12 - -10).
6
Calculate 7 + 12 + -7 + -28 + 7 - 10.
-19
Evaluate -8 - (24 + 9 + -19).
-22
Calculate (-15 - -6) + 32 + (14 - 4) + -5.
28
What is -7 + 20 + -17 - 17?
-21
Calculate (-6 - 12 - -6) + -3 + 0.
-15
Calculate 4 + -9 + (42 - 36).
1
Calculate -3 - 3 - -2 - -9.
5
Calculate 0 - 8 - (-65 + 60).
-3
Evaluate (11 - 1) + (-94 - -79).
-5
5 - (5 - 10 - (-23 + (1 - -1)))
-11
Evaluate (-1 - 9) + (-18 + -23 - -18) + 1.
-32
-1 + (111 + -117 - (-24 - 3 - 0))
20
Evaluate (388 - 377 - (5 - (2 + 0))) + 3.
11
What is the value of 2 - -3 - (5 - (-16 + 4))?
-12
What is (-1 - (1 + -1 - 0)) + -5 - -8?
2
Evaluate -5 + 20 + 8 - 28.
-5
What is (7 - -11) + 23 - 74?
-33
Calculate 1 - (-10 - (-3 - -1) - (18 - 29)).
-2
Calculate 31 - ((-43 - -98) + -34).
10
Evaluate -25 - (-7 - 6) - (1 - (2 + 3)).
-8
-12 + 32 + (12 - (29 + -16))
19
Evaluate -6 - (2 - -1 - 22 - -10).
3
What is (0 + 6 - 1) + 5 - (28 + -38)?
20
What is -1 - -15 - (1248 - 1260)?
26
Evaluate -1 - 6 - ((-15 - -2) + 9) - -16.
13
5 + (-6 - -1) + 9
9
3 - 4 - (23 + -21) - (3 + 14)
-20
What is the value of 59 - 46 - (16 - -3)?
-6
(-4 - 15) + (11 - 4)
-12
Calculate 17 + (2 + -19 - (-28 - -20)).
8
Evaluate (0 - 2) + 157 + -118.
37
What is -4 + 30 + 2 + -6 + -4?
18
What is (16 - 25 - -24) + 1?
16
Calculate 3 + -23 + 5 + -2 + -3 + 5.
-15
Evaluate (-1050 - -1010) + (2 - -67).
29
What is the value of (6 - 5) + -23 - (-12 + -7 + 13)?
-16
Calculate -4 - (10 + -12 + 4 + -4 + 1).
-3
Evaluate (-19 + -7 - -21 - 1) + (-5 - 0).
-11
What is the value of -14 + 20 - (1 + (2 - 1))?
4
Calculate (-33 - -7) + 7 + -12.
-31
What is the value of -9 - ((-18 - -12) + 0 + -1)?
-2
What is the value of -3 + 21 + -3 + 9 + 2 + -7?
19
What is the value of (15 - 2